ce3b (base 16) to base 12.
-26677
Convert 3285 (base 13) to base 9.
10580
-1e07 (base 16) to base 12
-4547
162 (base 7) to base 9
113
What is 353 (base 6) in base 2?
10001101
What is 11231333 (base 4) in base 15?
6e18
2840 (base 9) to base 3
2221100
Convert 1b7b2 (base 13) to base 11.
37682
What is -2046 (base 8) in base 4?
-100212
-10c (base 14) to base 7
-415
What is 1011011000 (base 2) in base 3?
222222
Convert -1290 (base 12) to base 2.
-100001001100
Convert -a9c (base 13) to base 11.
-1404
32357 (base 8) to base 3
200120220
What is -12132 (base 6) in base 3?
-2110002
What is -2 (base 16) in base 11?
-2
What is -20022212 (base 3) in base 16?
-1205
What is 57e (base 16) in base 2?
10101111110
What is -15656 (base 11) in base 3?
-1010021220
4113 (base 6) to base 11
757
7 (base 16) to base 4
13
Convert 10100000 (base 3) to base 5.
34210
Convert -aff (base 16) to base 7.
-11131
What is -b7 (base 14) in base 9?
-188
-200012012 (base 3) to base 7
-53444
-3980 (base 10) to base 7
-14414
What is 864 (base 10) in base 13?
516
-2404 (base 10) to base 8
-4544
What is 1023 (base 13) in base 10?
2226
1212110 (base 3) to base 4
111102
Convert -40302 (base 5) to base 2.
-101000010001
2142 (base 6) to base 3
200022
Convert -110011111110000 (base 2) to base 10.
-26608
-1010000111010101 (base 2) to base 12
-1bb85
34e (base 15) to base 2
1011101101
What is -786 (base 14) in base 11?
-1135
Convert 1140 (base 10) to base 2.
10001110100
Convert -22122 (base 3) to base 7.
-452
What is -23266 (base 7) in base 16?
-1759
Convert -4108 (base 9) to base 6.
-21525
-15a0 (base 13) to base 16
-c64
Convert -540 (base 6) to base 12.
-150
What is -313201 (base 4) in base 9?
-4777
Convert -420221 (base 5) to base 11.
-a416
What is -bd (base 15) in base 3?
-20121
110111010 (base 2) to base 10
442
What is -6097 (base 10) in base 12?
-3641
What is 389 (base 10) in base 7?
1064
Convert c2a (base 14) to base 9.
3245
52d (base 14) to base 12
711
Convert -121412 (base 6) to base 2.
-10100111110000
Convert -18a91 (base 12) to base 15.
-aa74
What is 61 (base 15) in base 12?
77
Convert -5c1 (base 14) to base 8.
-2175
What is 11111110 (base 2) in base 8?
376
What is -10112 (base 3) in base 8?
-137
What is 1e25 (base 16) in base 5?
221332
-3250 (base 7) to base 3
-1121001
212 (base 7) to base 14
79
158 (base 14) to base 6
1134
2854 (base 11) to base 14
14b7
What is -2038 (base 9) in base 13?
-8ab
a086 (base 13) to base 7
121242
Convert 1110111111 (base 2) to base 3.
1022112
What is 134101 (base 7) in base 10?
25432
What is 10284 (base 11) in base 10?
14975
-5d7 (base 16) to base 6
-10531
Convert -35363 (base 9) to base 12.
-11810
351 (base 12) to base 6
2141
What is 4436 (base 9) in base 13?
164a
1293 (base 10) to base 5
20133
What is 44125 (base 6) in base 3?
22100222
661 (base 7) to base 4
11101
Convert 12a75 (base 11) to base 12.
a917
104771 (base 8) to base 5
2112241
What is 550 (base 7) in base 16?
118
Convert 32376 (base 9) to base 2.
101001111001101
What is -21122211 (base 3) in base 12?
-3294
-145 (base 9) to base 6
-322
d10 (base 16) to base 13
16a3
-2de (base 16) to base 7
-2066
Convert -25c (base 15) to base 8.
-1031
4b (base 15) to base 4
1013
-4a0 (base 13) to base 15
-38b
What is -3666 (base 10) in base 16?
-e52
Convert 38c2 (base 14) to base 5.
304340
What is -17664 (base 14) in base 10?
-58888
213 (base 6) to base 15
56
Convert 1305 (base 7) to base 8.
757
What is 10001101111000 (base 2) in base 4?
2031320
Convert -23746 (base 8) to base 13.
-4859
Convert -2123 (base 5) to base 10.
-288
Convert -11001 (base 4) to base 2.
-101000001
1100010 (base 2) to base 7
200
What is -a8 (base 11) in base 15?
-7d
143224 (base 7) to base 2
110101110100100
Convert 26856 (base 9) to base 8.
43423
What is -61b5 (base 15) in base 13?
-9521
What is ac89 (base 13) in base 9?
36060
Convert 2253 (base 8) to base 7.
3325
-5 (base 10) to base 16
-5
15562 (base 7) to base 6
32221
What is -1935 (base 10) in base 11?
-14aa
Convert -517c (base 13) to base 14.
-4161
Convert -574 (base 9) to base 14.
-25a
Convert 26634 (base 9) to base 10.
18013
Convert 3424 (base 14) to base 13.
4170
-527 (base 16) to base 12
-91b
What is 2843b (base 13) in base 9?
124414
What is -2010201 (base 4) in base 16?
-2121
Convert 10101111100 (base 2) to base 13.
840
Convert -2120220 (base 3) to base 12.
-1113
Convert -caa2 (base 13) to base 8.
-67032
What is 11112110 (base 3) in base 16?
cea
Convert -212220000 (base 3) to base 14.
-64bd
13311 (base 4) to base 14
27b
281 (base 11) to base 12
237
Convert -1ec (base 16) to base 13.
-2bb
Convert 1271 (base 15) to base 13.
1a35
-5994 (base 10) to base 7
-23322
-79 (base 15) to base 12
-96
Convert 20773 (base 11) to base 16.
7601
What is -235 (base 10) in base 14?
-12b
33141 (base 6) to base 2
1000111110101
Convert -1c423 (base 13) to base 7.
-321121
Convert 101010120 (base 3) to base 12.
4336
111011010000 (base 2) to base 13
1959
What is 88d (base 14) in base 15?
77d
Convert 110210 (base 3) to base 8.
531
Convert -10101100100000 (base 2) to base 7.
-44121
Convert 75358 (base 9) to base 4.
30023030
-111323 (base 4) to base 12
-98b
What is 11175 (base 8) in base 5?
122413
1849 (base 14) to base 6
32133
What is 1509 (base 12) in base 3?
10101000
Convert 1000011000 (base 2) to base 14.
2a4
2414 (base 6) to base 15
291
Convert 70 (base 9) to base 4.
333
-21033 (base 5) to base 3
-1220121
Convert -5a (base 14) to base 10.
-80
What is -727 (base 15) in base 11?
-1236
-4374 (base 9) to base 11
-2473
371 (base 11) to base 8
671
-100021 (base 4) to base 9
-1367
What is 12011101 (base 3) in base 10?
3763
28 (base 16) to base 12
34
What is -35bc (base 14) in base 4?
-2102202
-2800 (base 9) to base 4
-200322
Convert 2413 (base 7) to base 11.
741
24c (base 16) to base 11
495
What is 202033 (base 4) in base 12?
1327
-96 (base 11) to base 12
-89
What is 397 (base 13) in base 12?
447
Convert 3878 (base 10) to base 7.
14210
45000 (base 11) to base 7
361100
Convert a1f (base 16) to base 3.
10112222
343 (base 16) to base 10
835
20131011 (base 4) to base 5
2102004
Convert 213204 (base 6) to base 15.
5317
What is -2243 (base 7) in base 3?
-1010012
What is 4360 (base 14) in base 12?
68a8
Convert 1473 (base 9) to base 8.
2137
What is 7a1 (base 13) in base 5?
20224
-4b3c (base 13) to base 16
-29ca
Convert 708 (base 11) to base 14.
451
Convert 10102 (base 6) to base 3.
1211102
What is -a267 (base 13) in base 15?
-697d
29719 (base 10) to base 11
20368
What is -1e32 (base 16) in base 4?
-1320302
What is -35434 (base 7) in base 15?
-2a94
-1101111 (base 2) to base 9
-133
What is 10332 (base 4) in base 5?
2233
Convert -147 (base 11) to base 3.
-20101
36793 (base 11) to base 14
15398
What is -100000101011 (base 2) in base 10?
-2091
6044 (base 8) to base 10
3108
3434 (base 6) to base 10
814
What is -1313 (base 4) in base 2?
-1110111
-425 (base 10) to base 12
-2b5
3130102 (base 4) to base 13
6556
Convert -32660 (base 8) to base 10.
-13744
Convert 18 (base 13) to base 2.
10101
What is -8daa (base 15) in base 4?
-13112011
What is 849 (base 11) in base 15?
481
Convert -3726 (base 12) to base 10.
-6222
Convert -62b7 (base 16) to base 10.
-25271
-66525 (base 7) to base 4
-10011120
24235 (base 8) to base 14
3b09
Convert -214 (base 13) to base 2.
-101100011
1021214 (base 6) to base 3
2111222001
What is -1100000110 (base 2) in base 8?
-1406
2322 (base 5) to base 9
414
35122 (base 7) to base 4
2030113
110202222 (base 3) to base 6
111042
What is -21821 (base 9) in base 15?
-447d
Convert 2236 (base 8) to base 11.
985
What is 5667 (base 10) in base 12?
3343
3450 (base 10) to base 16
d7a
What is -4142133 (base 5) in base 12?
-33716
1dd7 (base 15) to base 10
6502
-3912 (base 15) to base 5
-342132
Convert -21122211 (base 3) to base 6.
-41504
What is -12002 (base 4) in base 12?
-282
-10331 (base 4) to base 12
-225
Convert 48cc (base 15) to base 10.
15492
What is 43310 (base 5) in base 9?
4043
What is 7aa (base 14) in base 7?
4303
Convert 1052 (base 8) to base 11.
464
Convert f5 (base 16) to base 8.
365
-368 (base 16) to base 14
-464
-406 (base 16) to base 12
-71a
Convert 1020102 (base 3) to base 8.
1606
What is -23254 (base 9) in base 11?
-1072a
-86713 (base 9) to base 4
-32001201
-525 (base 7) to base 12
-1a0
Convert -50